s the ten millions digit of 2380868934?
8
What is the hundreds digit of 78650557?
5
What is the hundred thousands digit of 3113327786?
3
What is the hundreds digit of 220628406?
4
What is the ten thousands digit of 919090405?
9
What is the billions digit of 4231458417?
4
What is the millions digit of 106008693?
6
What is the hundred thousands digit of 2228814416?
8
What is the hundreds digit of 175381037?
0
What is the units digit of 2567839236?
6
What is the units digit of 883843448?
8
What is the hundreds digit of 9906270?
2
What is the millions digit of 482500157?
2
What is the ten thousands digit of 3543155?
4
What is the hundred millions digit of 5392861488?
3
What is the tens digit of 1272595693?
9
What is the hundred thousands digit of 3103871709?
8
What is the ten millions digit of 1625850038?
2
What is the thousands digit of 67798676?
8
What is the units digit of 936366821?
1
What is the ten thousands digit of 96166996?
6
What is the thousands digit of 411355583?
5
What is the ten millions digit of 47845788?
4
What is the ten millions digit of 298874465?
9
What is the tens digit of 363164954?
5
What is the ten thousands digit of 1783241456?
4
What is the hundreds digit of 43867371?
3
What is the millions digit of 323525400?
3
What is the hundred thousands digit of 1723609523?
6
What is the hundreds digit of 418461800?
8
What is the ten thousands digit of 570694650?
9
What is the billions digit of 1112733757?
1
What is the units digit of 368584705?
5
What is the units digit of 1414112908?
8
What is the hundreds digit of 2600617422?
4
What is the billions digit of 3572198950?
3
What is the hundred millions digit of 294265524?
2
What is the ten thousands digit of 297552393?
5
What is the units digit of 1143260183?
3
What is the tens digit of 648153166?
6
What is the billions digit of 4755210856?
4
What is the tens digit of 24821244?
4
What is the ten thousands digit of 235443307?
4
What is the hundreds digit of 445724316?
3
What is the units digit of 4932680787?
7
What is the units digit of 3402784271?
1
What is the thousands digit of 1147428713?
8
What is the tens digit of 157999529?
2
What is the ten thousands digit of 468824622?
2
What is the ten millions digit of 159184223?
5
What is the thousands digit of 6339813?
9
What is the tens digit of 189374917?
1
What is the hundred millions digit of 1197686975?
1
What is the units digit of 15837592?
2
What is the tens digit of 966324602?
0
What is the ten thousands digit of 7317073879?
7
What is the ten millions digit of 15525078?
1
What is the tens digit of 253693773?
7
What is the units digit of 509473459?
9
What is the millions digit of 132204489?
2
What is the thousands digit of 2735426602?
6
What is the ten thousands digit of 50929253?
2
What is the hundred millions digit of 4150267031?
1
What is the ten thousands digit of 922498821?
9
What is the billions digit of 2469105802?
2
What is the units digit of 3986625539?
9
What is the tens digit of 2421618?
1
What is the tens digit of 217117166?
6
What is the tens digit of 15276379?
7
What is the ten thousands digit of 755691?
5
What is the ten millions digit of 205538902?
0
What is the ten millions digit of 1548185569?
4
What is the hundred thousands digit of 311944814?
9
What is the tens digit of 108195895?
9
What is the ten millions digit of 261990081?
6
What is the hundred thousands digit of 55512281?
5
What is the millions digit of 8786220155?
6
What is the thousands digit of 63855757?
5
What is the millions digit of 32156084?
2
What is the ten millions digit of 453066880?
5
What is the hundred millions digit of 972266355?
9
What is the ten thousands digit of 58566476?
6
What is the units digit of 8130799?
9
What is the units digit of 106377529?
9
What is the hundreds digit of 63470783?
7
What is the hundred millions digit of 347953196?
3
What is the hundred millions digit of 125531975?
1
What is the ten millions digit of 783234882?
8
What is the millions digit of 39335659?
9
What is the thousands digit of 56471344?
1
What is the ten millions digit of 690076448?
9
What is the millions digit of 62659484?
2
What is the ten thousands digit of 75380754?
8
What is the hundreds digit of 80095826?
8
What is the ten millions digit of 1317543723?
1
What is the units digit of 232008120?
0
What is the hundred millions digit of 363876392?
3
What is the hundreds digit of 134420493?
4
What is the thousands digit of 54217585?
7
What is the hundreds digit of 6271715?
7
What is the millions digit of 100168284?
0
What is the hundred thousands digit of 346017347?
0
What is the units digit of 21139099?
9
What is the units digit of 386382193?
3
What is the ten millions digit of 987168343?
8
What is the hundred millions digit of 1772036552?
7
What is the ten millions digit of 232581955?
3
What is the billions digit of 2610290675?
2
What is the ten thousands digit of 55656849?
5
What is the hundred thousands digit of 137842358?
8
What is the hundred thousands digit of 26759158?
7
What is the ten thousands digit of 31706297?
0
What is the ten thousands digit of 3684230?
8
What is the ten millions digit of 407169075?
0
What is the ten thousands digit of 126586986?
8
What is the hundreds digit of 40890962?
9
What is the thousands digit of 41622921?
2
What is the ten thousands digit of 44090585?
9
What is the ten thousands digit of 310142834?
4
What is the tens digit of 30412409?
0
What is the units digit of 95779278?
8
What is the thousands digit of 39656009?
6
What is the units digit of 73948539?
9
What is the hundred millions digit of 1524442003?
5
What is the ten thousands digit of 4480970439?
7
What is the billions digit of 1180344112?
1
What is the hundreds digit of 858469087?
0
What is the hundred thousands digit of 1266299650?
2
What is the thousands digit of 1452547903?
7
What is the tens digit of 63634835?
3
What is the hundred thousands digit of 1319875409?
8
What is the millions digit of 157873780?
7
What is the ten thousands digit of 29022143?
2
What is the ten millions digit of 33662772?
3
What is the thousands digit of 46617800?
7
What is the thousands digit of 86342064?
2
What is the tens digit of 301260926?
2
What is the tens digit of 239231358?
5
What is the hundred millions digit of 340485353?
3
What is the hundreds digit of 453740967?
9
What is the hundred thousands digit of 214637327?
6
What is the tens digit of 5372783?
8
What is the ten thousands digit of 74668006?
6
What is the tens digit of 294568423?
2
What is the hundred millions digit of 4744286298?
7
What is the thousands digit of 410730?
0
What is the units digit of 62620351?
1
What is the ten millions digit of 29197109?
2
What is the ten millions digit of 3827471155?
2
What is the hundred thousands digit of 90692076?
6
What is the hundreds digit of 279267412?
4
What is the ten thousands digit of 514095202?
9
What is the ten millions digit of 415898987?
1
What is the ten thousands digit of 46450948?
5
What is the ten thousands digit of 5698893990?
9
What is the tens digit of 4314582757?
5
What is the units digit of 152649997?
7
What is the units digit of 21953363?
3
What is the millions digit of 1086867300?
6
What is the ten millions digit of 354383134?
5
What is the hundred thousands digit of 72290294?
2
What is the tens digit of 7595620?
2
What is the hundreds digit of 7451440979?
9
What is the hundred millions digit of 455595219?
4
What is the ten millions digit of 477007612?
7
What is the thousands digit of 556026927?
6
What is the hundreds digit of 123837231?
2
What is the hundred thousands digit of 319148156?
1
What is the hundred thousands digit of 135697298?
6
What is the millions digit of 787188604?
7
What is the ten thousands digit of 20637100?
3
What is the thousands digit of 501499994?
9
What is the hundred thousands digit of 304907155?
9
What is the hundred millions digit of 423208783?
4
What is the billions digit of 1514697077?
1
What is the tens digit of 506302076?
7
What is the thousands digit of 72889224?
9
What is the ten millions digit of 69806842?
6
What is the ten thousands digit of 19958034?
5
What is the tens digit of 18686783?
8
What is the units digit of 76737306?
6
What is the tens digit of 1131509884?
8
What is the hundreds digit of 22374466?
4
What 